et c be b(6). Suppose -g - 4*h + 117 = 0, c*g + 5*h - 490 = -132. What is the units digit of g?
1
What is the hundreds digit of 15/(-630)*-28 - 53666/(-6)?
9
Let g(v) = -v**2 + 20*v - 18. Suppose 0 = -2*z + 4*a - 10, -5*a = z - 9 - 21. Suppose 4*j - 40 - 29 = -z*x, 0 = -x - j + 14. What is the units digit of g(x)?
3
Let b(j) = j**2 - 8*j - 9. Let q be b(9). Suppose q*z + 28 = z. Suppose 3*h - z = -3*m + h, 19 = 2*m + h. What is the tens digit of m?
1
Let i(o) = -o**3 - 2*o**2 + 3*o + 3. Let d(h) = h**2 + 2*h - 1. Let r be d(-2). Let y be 3 + (-3 - r) + -4. What is the units digit of i(y)?
3
Suppose -3*p - u = 127, 2*p - u + 90 = -3*u. Let l(f) = f**3 + 18*f**2 - 13*f + 258. Let b be l(-19). Let z = p + b. What is the tens digit of z?
0
Let g(l) = l**3 - 22*l**2 - 21*l + 19. Let a be g(23). Suppose 835 = 5*o + 3*n, 0 = 2*o + 2*o - 3*n - 668. Let c = o - a. What is the tens digit of c?
0
Let w = 19950 + 2089. What is the tens digit of w?
3
Let a = -584 - -692. Suppose -2*f - 5 + 19 = 0. Suppose 5*y - f*y = -a. What is the tens digit of y?
5
Suppose 1861 = 2*c - 5*z, -7*c + 3*z = -2*c - 4681. What is the hundreds digit of c?
9
Suppose b - 856 = -b - 2*x, 2*x = 0. Suppose -2*o + 5*w = w - b, -5*o + 1088 = -w. What is the tens digit of o?
1
Suppose 4*k + 4*v + 6296 - 37012 = 0, 3*k = 5*v + 22997. What is the tens digit of k?
7
Suppose 4*b - 2783 = 3*a, 0 = -6*b + 9*b - 4*a - 2096. What is the tens digit of b?
9
What is the ten thousands digit of ((-2)/10 + (-3135157)/(-85))/2?
1
Suppose 223*z + 40392 = 257*z. What is the tens digit of z?
8
Let x(n) = 89*n - 44. Let z(c) = 1. Let q(l) = -x(l) - 3*z(l). What is the units digit of q(-4)?
7
Suppose -254*h = -4281250 - 1693592. What is the units digit of h?
3
Suppose 0 = y + 5*o + 14 + 9, 3*y + 9 = -3*o. Suppose -y*h - 8 = -76. Let v = h - -3. What is the units digit of v?
7
Let g = 757 - -2936. Let q = g - 2321. What is the thousands digit of q?
1
Let l(x) = 86*x + 41. Let b(f) = -f - 1. Let w(h) = -3*b(h) - l(h). What is the units digit of w(-20)?
2
What is the units digit of (-1)/12 - (-18)/((-3240)/(-3078375))?
2
Let p = 97 - 79. Let c(h) = -p*h + 104 + 8*h + 9*h. What is the units digit of c(0)?
4
Let i = 147 + -135. Suppose i*y = 5*y + 3934. What is the units digit of y?
2
Let c = 2 - 21. Let a(v) = -2*v**3 + 16*v**2 + 143 - 160 - 58*v + 3*v**3. What is the units digit of a(c)?
2
Let t(f) = 944*f + 34963. What is the units digit of t(0)?
3
Suppose -13196 = -4*f + 2*v, -4*f + 10697 = -3*v - 2499. What is the units digit of f?
9
Let n(o) = 161*o**3 - 3*o - 4. Let d be n(2). Suppose 348 = u - d. What is the hundreds digit of u/6 - 1 - (2 + -5)?
2
Suppose 16040 - 165712 = -83*q + 90115. What is the hundreds digit of q?
8
Suppose 16*d = 5*z + 17*d - 67697, 0 = 3*z - 3*d - 40629. What is the units digit of z?
0
Suppose 0*n - 5*n = -5*o - 61150, n - 12206 = -3*o. What is the thousands digit of n?
2
Let j(a) = a**3 - 47*a**2 - 20*a - 170. Let b be j(40). What is the units digit of -4 + 2 - b/10?
5
Let x(k) = -k + 27. Let b be x(32). Let d(z) = -5*z**3 - 2*z**2 + 3*z - 1. What is the units digit of d(b)?
9
Let s(i) = -i**2 - 1. Let r be s(0). Suppose -256*x + 245*x = 66. What is the tens digit of r + 94 + 3/x*-4?
9
Let b(r) = -r**3 - 3*r**2 + 4*r. Let m be b(-4). What is the hundreds digit of 1308/8*8 + (m - -1)?
3
Let v(a) = a**2 - 1. Let m(i) = 7*i**2 + 8*i - 1. Let x(s) = -m(s) + 6*v(s). Let d be x(-5). Suppose -d*l + 131 + 149 = 0. What is the tens digit of l?
2
Let a(p) = -p**3 + 5*p**2 - 2*p - 6. Let d be a(4). Let f be -4*((-45)/10 + d + 1). Suppose -5*g + 206 = f. What is the units digit of g?
0
Let i be 2/((-36)/(-10) + -4) + 344. Let f be 388/3*3/2. Let s = i - f. What is the hundreds digit of s?
1
Let j = -21 - -24. What is the hundreds digit of 3/(-9)*j - -130?
1
Suppose -147876 = -3*f - 5*v - 26980, 4*v - 120895 = -3*f. What is the thousands digit of f?
0
Let q be 0 + (-3)/7 - 35802/(-42). Suppose -4*c + 1165 = -3*x, 2*x + 23 + q = 3*c. What is the tens digit of c?
9
Let h(d) = d**3 + d**2 + 5. Let t be h(0). Suppose t*f + 1179 = 2*f. Let u = 576 + f. What is the units digit of u?
3
Let w = 179 + -189. Let a(m) = -m**3 - 10*m**2 - 8*m - 32. What is the tens digit of a(w)?
4
Let h(n) = 2600*n**2 - 90*n + 283. What is the hundreds digit of h(3)?
4
Suppose 0 = -66*t + 72*t - 3894. What is the units digit of t?
9
Suppose -3*i = 3*i - 0*i. Suppose 4*t - 43 + 31 = i. Suppose -2*x = -7*x + 4*y + 6, 3 = t*x - 3*y. What is the units digit of x?
2
Let c(g) = 287*g**2 - 2*g + 18. What is the thousands digit of c(-10)?
8
Let m be 282/4*(-4)/2. Suppose -5*g - 199 = 7*k - 4*k, 3*k + 206 = 2*g. Let j = k - m. What is the tens digit of j?
7
Let g(f) = 8*f**2 + 3. Let p(w) = 159 - 3*w + 162 - 339. Let k be p(-5). What is the tens digit of g(k)?
7
Let o = 105 + -161. Let p(b) = -b**3 + 32*b**2 - 61*b + 9. Let i be p(30). Let f = i - o. What is the units digit of f?
5
Let w(y) = 7*y**2 - 34 + 9*y - 4*y + 4*y**2 + 6*y. What is the tens digit of w(3)?
9
Let t(s) = -s**3 - 8*s**2 - 20*s - 43. Let r be t(-6). What is the tens digit of 101150/250 - 3/r?
0
Let r(n) = 252*n**2 - 475*n + 6740. What is the tens digit of r(14)?
8
Let q(b) = -b**3 - 20*b**2 + 38*b - 12. Let s be q(-16). Let u = 2988 + s. What is the tens digit of u?
4
Suppose -2*r = 0, 0 = 6*a - a - 2*r + 1640. Let c be a/20 - -5 - (-6)/(-10). What is the tens digit of (-1566)/c*2/3?
8
Let b(q) = -40*q**2 + 13*q - 17. Let v(a) = a**2 + a + 1. Let l(n) = -b(n) - 6*v(n). What is the tens digit of l(5)?
6
Let h be (-6)/10 - (-54)/(-10). What is the hundreds digit of h/57 - (-6329)/19?
3
Let m(g) = g**3 - 7*g**2 + g - 5. Let q = 80 - 73. Let x be m(q). What is the hundreds digit of -2*((-190)/x - -4)?
1
Suppose 0 = -367*c + 380*c - 39. What is the units digit of (-3)/(-9 + c)*2524?
2
Suppose -93*u + 95319 = -12*u - 888750. What is the thousands digit of u?
2
Let p(f) = 5091*f**3 - 2*f**2 - 5*f + 3. What is the tens digit of p(1)?
8
Let i be (11 - 7)*1/(-4). Let y(q) = 196*q**2 + 4*q + 5. Let j be y(i). Suppose 3*l + 4*b - 319 = j, 2*l + b = 349. What is the units digit of l?
6
Let b = -1119 - -2072. Let s = b + -478. What is the tens digit of s?
7
Let v(m) = -10*m**3 - 19*m**2 + 67*m - 27. What is the units digit of v(-18)?
1
Suppose -10*i = -4*i - 1614. Suppose 51 = v + i. What is the hundreds digit of 30/12*v/(-5)?
1
Let z = 11867 - 8028. What is the units digit of z?
9
Let k(r) = -2*r**3 - 4*r**2 - 12*r - 13. Let z = -459 + 451. What is the hundreds digit of k(z)?
8
Suppose 6*h = 7*h - 4*d, 2*d + 2 = h. Suppose -4*z = 5*g - 686 - 1979, -2*g - h*z + 1078 = 0. What is the hundreds digit of g?
5
Let l be (6/(-4))/(3/(-2044)). Suppose -669 = -3*g + 4*u + 97, -5*u = -4*g + l. Suppose -5*h + g = -3*i - 0*i, -h + 2*i = -46. What is the units digit of h?
4
Let p = -218 + 222. What is the tens digit of p/7 + (-3966)/(-42)?
9
Suppose -3928 = -4*q - p, 0*q - 969 = -q + 3*p. Suppose 0 = -3*r - 3*o + 252 + 1242, o + q = 2*r. What is the tens digit of r?
9
Let q(b) = -b - 1. Let g(c) = 139*c - 23. Let w(k) = g(k) - 6*q(k). What is the tens digit of w(3)?
1
Let r = -6 + 4. Let g(i) = 140 + 159 - 443 + 4*i + 142 + 17*i**2. What is the units digit of g(r)?
8
Let v be 5 - 14 - (-88)/(-11). What is the thousands digit of (-68)/v - (-1548)/8*6?
1
Let i = 26149 - 15266. What is the thousands digit of i?
0
Let h = -33225 - -51869. What is the ten thousands digit of h?
1
Suppose -5*n - 7 = -3*o, -n + 15 = 2*o + 6. Suppose 14*a = 10*a + o, 3*c - 2*a = 2545. What is the tens digit of c?
4
Let u(y) = 93*y**2 - 35*y - 19. What is the thousands digit of u(7)?
4
Suppose 100 - 108 = 2*b. Let t be b - (-1*18)/3. Suppose t*h = -2, -4*h + 0*h = -5*d + 569. What is the units digit of d?
3
Let r be 18/54 + (-310)/(-6). Suppose 14*l + 74 = -r. What is the hundreds digit of (-165)/(-2)*(-12)/l?
1
Let w = 199 + -196. Suppose 504 = 2*a - m, -5*a = w*m - 4*m - 1257. What is the tens digit of a?
5
Let t be (2/(-4))/((-6)/(-14928)*-2). Let s = t - 433. What is the units digit of s?
9
What is the units digit of -4 + ((-138)/(-9))/(4/1626) + -4?
5
Let y(k) = k**2 + 3*k - 6. Let o be y(-4). What is the tens digit of ((-250)/(-4))/(o/(-4))?
2
Suppose -9*z + 303135 = 18*z - 12*z. What is the ten th